e thousands digit of 4801?
4
What is the units digit of 1014?
4
What is the hundreds digit of 22843?
8
What is the thousands digit of 1489?
1
What is the thousands digit of 4172?
4
What is the thousands digit of 8213?
8
What is the thousands digit of 7467?
7
What is the units digit of 9298?
8
What is the hundreds digit of 817?
8
What is the tens digit of 31324?
2
What is the tens digit of 3273?
7
What is the tens digit of 42323?
2
What is the units digit of 2396?
6
What is the tens digit of 8573?
7
What is the units digit of 1907?
7
What is the units digit of 30485?
5
What is the hundred thousands digit of 136106?
1
What is the thousands digit of 1279?
1
What is the thousands digit of 54572?
4
What is the thousands digit of 5852?
5
What is the hundreds digit of 448?
4
What is the units digit of 1201?
1
What is the units digit of 4802?
2
What is the tens digit of 24349?
4
What is the hundreds digit of 11135?
1
What is the units digit of 1991?
1
What is the thousands digit of 2006?
2
What is the thousands digit of 51932?
1
What is the ten thousands digit of 43671?
4
What is the thousands digit of 14567?
4
What is the tens digit of 3969?
6
What is the units digit of 9977?
7
What is the units digit of 3488?
8
What is the tens digit of 4256?
5
What is the hundreds digit of 2130?
1
What is the units digit of 5806?
6
What is the thousands digit of 1980?
1
What is the tens digit of 256?
5
What is the thousands digit of 68775?
8
What is the thousands digit of 8148?
8
What is the tens digit of 12?
1
What is the tens digit of 55842?
4
What is the hundreds digit of 61750?
7
What is the tens digit of 934?
3
What is the tens digit of 28366?
6
What is the tens digit of 4778?
7
What is the hundreds digit of 353?
3
What is the units digit of 15082?
2
What is the units digit of 4244?
4
What is the tens digit of 1175?
7
What is the thousands digit of 1548?
1
What is the units digit of 1604?
4
What is the thousands digit of 9411?
9
What is the units digit of 2048?
8
What is the ten thousands digit of 28026?
2
What is the tens digit of 8268?
6
What is the tens digit of 1946?
4
What is the thousands digit of 1037?
1
What is the hundreds digit of 2416?
4
What is the units digit of 370?
0
What is the hundreds digit of 8715?
7
What is the thousands digit of 111083?
1
What is the hundreds digit of 1364?
3
What is the thousands digit of 1983?
1
What is the units digit of 1148?
8
What is the units digit of 3306?
6
What is the units digit of 6608?
8
What is the units digit of 777?
7
What is the hundreds digit of 3553?
5
What is the hundreds digit of 10879?
8
What is the units digit of 13496?
6
What is the hundreds digit of 3573?
5
What is the tens digit of 14?
1
What is the ten thousands digit of 16023?
1
What is the tens digit of 971?
7
What is the hundreds digit of 3515?
5
What is the hundreds digit of 1144?
1
What is the units digit of 2361?
1
What is the tens digit of 555?
5
What is the thousands digit of 8133?
8
What is the tens digit of 35?
3
What is the units digit of 680?
0
What is the units digit of 870?
0
What is the tens digit of 74456?
5
What is the hundreds digit of 35790?
7
What is the hundreds digit of 845?
8
What is the ten thousands digit of 34684?
3
What is the hundreds digit of 349?
3
What is the units digit of 2574?
4
What is the tens digit of 1390?
9
What is the tens digit of 15445?
4
What is the ten thousands digit of 22527?
2
What is the units digit of 96653?
3
What is the hundreds digit of 441?
4
What is the units digit of 44?
4
What is the hundred thousands digit of 128776?
1
What is the hundreds digit of 20188?
1
What is the hundreds digit of 2870?
8
What is the tens digit of 764?
6
What is the units digit of 1823?
3
What is the hundreds digit of 278?
2
What is the thousands digit of 21017?
1
What is the thousands digit of 3084?
3
What is the tens digit of 188?
8
What is the tens digit of 19077?
7
What is the hundreds digit of 56345?
3
What is the hundreds digit of 1008?
0
What is the thousands digit of 3357?
3
What is the tens digit of 24?
2
What is the ten thousands digit of 22884?
2
What is the tens digit of 41?
4
What is the hundreds digit of 624?
6
What is the hundreds digit of 929?
9
What is the thousands digit of 14949?
4
What is the thousands digit of 15301?
5
What is the hundreds digit of 1702?
7
What is the hundreds digit of 1413?
4
What is the units digit of 3711?
1
What is the thousands digit of 12210?
2
What is the tens digit of 1959?
5
What is the tens digit of 4244?
4
What is the units digit of 82564?
4
What is the tens digit of 3750?
5
What is the tens digit of 319?
1
What is the units digit of 2357?
7
What is the thousands digit of 2750?
2
What is the hundreds digit of 2404?
4
What is the tens digit of 55?
5
What is the tens digit of 3159?
5
What is the thousands digit of 89995?
9
What is the units digit of 73?
3
What is the tens digit of 20381?
8
What is the units digit of 5575?
5
What is the hundreds digit of 244?
2
What is the thousands digit of 26330?
6
What is the hundreds digit of 3324?
3
What is the tens digit of 12090?
9
What is the tens digit of 1161?
6
What is the units digit of 17364?
4
What is the tens digit of 13998?
9
What is the units digit of 14369?
9
What is the tens digit of 772?
7
What is the thousands digit of 30335?
0
What is the thousands digit of 22271?
2
What is the thousands digit of 61151?
1
What is the hundreds digit of 6599?
5
What is the tens digit of 1354?
5
What is the ten thousands digit of 20564?
2
What is the units digit of 589?
9
What is the units digit of 661?
1
What is the ten thousands digit of 18244?
1
What is the thousands digit of 6008?
6
What is the thousands digit of 3245?
3
What is the units digit of 13122?
2
What is the tens digit of 928?
2
What is the ten thousands digit of 55213?
5
What is the tens digit of 7152?
5
What is the units digit of 2230?
0
What is the units digit of 2506?
6
What is the hundreds digit of 6591?
5
What is the ten thousands digit of 17237?
1
What is the hundreds digit of 37567?
5
What is the thousands digit of 3496?
3
What is the units digit of 69759?
9
What is the units digit of 16287?
7
What is the hundreds digit of 2694?
6
What is the ten thousands digit of 55641?
5
What is the thousands digit of 14695?
4
What is the hundred thousands digit of 119988?
1
What is the hundreds digit of 1569?
5
What is the units digit of 592?
2
What is the units digit of 14915?
5
What is the hundreds digit of 2882?
8
What is the tens digit of 3156?
5
What is the hundreds digit of 861?
8
What is the hundreds digit of 3433?
4
What is the tens digit of 8522?
2
What is the hundreds digit of 6522?
5
What is the tens digit of 5941?
4
What is the hundreds digit of 1412?
4
What is the hundreds digit of 121117?
1
What is the units digit of 392?
2
What is the tens digit of 4673?
7
What is the hundreds digit of 1320?
3
What is the tens digit of 2278?
7
What is the units digit of 6592?
2
What is the hundreds digit of 44719?
7
What is the hundreds digit of 4410?
4
What is the units digit of 5375?
5
What is the ten thousands digit of 98180?
9
What is the hundreds digit of 3831?
8
What is the thousands digit of 43834?
3
What is the units digit of 807?
7
What is the hundreds digit of 332?
3
What is the tens digit of 5082?
8
What is the thousands digit of 72489?
2
What is the units digit of 28040?
0
What is the hundreds digit of 3323?
3
What is the hundreds digit of 385?
3
What is the hundreds digit of 17063?
0
What is the hundreds digit of 133937?
9
What is the thousands digit of 107713?
7
What is the tens digit of 32059?
5
What is the tens digit of 4050?
5
What is the hundreds digit of 1076?
0
What is the units digit of 8837?
7
What is the tens digit of 127?
2
What is the hundreds digit of 1137?
1
What is the units digit of 672?
2
What is the thousands digit of 5281?
5
What is the units digit of 1361?
1
What is the units digit of 2344?
4
What is the hundreds digit of 137074?
0
What is the hundreds digit of 3329?
3
What is the hundreds digit of 1491?
4
What is the tens digit of 4640?
4
What is the ten thousands digit of 11824?
1
What is the units digit of 2901?
1
What is the units digit of 430?
0
What is the thousands digit of 1928?
1
What is the tens digit of 14224?
2
What is the units di